{"id":2,"date":"2021-06-11T12:41:45","date_gmt":"2021-06-11T10:41:45","guid":{"rendered":"http:\/\/cfto.it\/2022\/?page_id=2"},"modified":"2021-12-07T11:48:22","modified_gmt":"2021-12-07T10:48:22","slug":"benefici-osteopatia","status":"publish","type":"page","link":"http:\/\/cfto.it\/2022\/benefici-osteopatia\/","title":{"rendered":"I benefici dell&#8217;osteopatia"},"content":{"rendered":"\t\t<div data-elementor-type=\"wp-page\" data-elementor-id=\"2\" class=\"elementor elementor-2\" data-elementor-settings=\"[]\">\n\t\t\t\t\t\t\t<div class=\"elementor-section-wrap\">\n\t\t\t\t\t\t\t<section class=\"elementor-section elementor-top-section elementor-element elementor-element-0d2b267 elementor-section-boxed elementor-section-height-default elementor-section-height-default\" data-id=\"0d2b267\" data-element_type=\"section\" data-settings=\"{&quot;background_background&quot;:&quot;classic&quot;}\">\n\t\t\t\t\t\t<div class=\"elementor-container elementor-column-gap-default\">\n\t\t\t\t\t<div class=\"elementor-column elementor-col-100 elementor-top-column elementor-element elementor-element-3d63677\" data-id=\"3d63677\" data-element_type=\"column\">\n\t\t\t<div class=\"elementor-widget-wrap elementor-element-populated\">\n\t\t\t\t\t\t\t\t<div class=\"elementor-element elementor-element-f73c189 elementor-widget elementor-widget-image\" data-id=\"f73c189\" data-element_type=\"widget\" data-widget_type=\"image.default\">\n\t\t\t\t<div class=\"elementor-widget-container\">\n\t\t\t\t\t\t\t\t\t\t\t\t\t\t\t<img loading=\"lazy\" decoding=\"async\" width=\"1204\" height=\"500\" src=\"http:\/\/cfto.it\/2022\/wp-content\/uploads\/2021\/11\/i-benefici-dellosteopatia.jpg\" class=\"attachment-full size-full\" alt=\"\" srcset=\"http:\/\/cfto.it\/2022\/wp-content\/uploads\/2021\/11\/i-benefici-dellosteopatia.jpg 1204w, http:\/\/cfto.it\/2022\/wp-content\/uploads\/2021\/11\/i-benefici-dellosteopatia-300x125.jpg 300w, http:\/\/cfto.it\/2022\/wp-content\/uploads\/2021\/11\/i-benefici-dellosteopatia-1024x425.jpg 1024w, http:\/\/cfto.it\/2022\/wp-content\/uploads\/2021\/11\/i-benefici-dellosteopatia-768x319.jpg 768w\" sizes=\"auto, (max-width: 1204px) 100vw, 1204px\" \/>\t\t\t\t\t\t\t\t\t\t\t\t\t\t\t<\/div>\n\t\t\t\t<\/div>\n\t\t\t\t\t<\/div>\n\t\t<\/div>\n\t\t\t\t\t\t\t<\/div>\n\t\t<\/section>\n\t\t\t\t<section class=\"elementor-section elementor-top-section elementor-element elementor-element-65d2e6e elementor-section-boxed elementor-section-height-default elementor-section-height-default\" data-id=\"65d2e6e\" data-element_type=\"section\">\n\t\t\t\t\t\t<div class=\"elementor-container elementor-column-gap-default\">\n\t\t\t\t\t<div class=\"elementor-column elementor-col-100 elementor-top-column elementor-element elementor-element-e7cedff\" data-id=\"e7cedff\" data-element_type=\"column\">\n\t\t\t<div class=\"elementor-widget-wrap elementor-element-populated\">\n\t\t\t\t\t\t\t\t<div class=\"elementor-element elementor-element-dbf60ae elementor-widget elementor-widget-heading\" data-id=\"dbf60ae\" data-element_type=\"widget\" data-widget_type=\"heading.default\">\n\t\t\t\t<div class=\"elementor-widget-container\">\n\t\t\t<h1 class=\"elementor-heading-title elementor-size-default\">I benefici dell'osteopatia<\/h1>\t\t<\/div>\n\t\t\t\t<\/div>\n\t\t\t\t<div class=\"elementor-element elementor-element-f2fbded elementor-widget elementor-widget-text-editor\" data-id=\"f2fbded\" data-element_type=\"widget\" data-widget_type=\"text-editor.default\">\n\t\t\t\t<div class=\"elementor-widget-container\">\n\t\t\t\t\t\t\t<p>L\u2019osteopatia \u00e8 un sistema di cura che usa l&#8217;approccio manuale sia in fase di diagnosi e sia in quella di trattamento.\u00a0<\/p><p>Tra le principali caratteristiche della disciplina osteopatica c&#8217;\u00e8 il fatto che \u00e8 incentrata sulla salute del paziente e non sulla sua malattia. L&#8217;osteopata ha infatti una <b>visione olistica del paziente<\/b>, ossia che integra tra di loro tutti i sistemi che compongono il corpo umano: muscolo-scheletrico, viscerale, neurologico, vascolare e cranio-sacrale.\u00a0<\/p><p>Il compito dell&#8217;osteopata \u00e8 quello di ricercare tutte le disfunzioni che alterano l\u2019equilibrio di un individuo e che potrebbero portare alla manifestazione di sintomi di varia natura. Proprio per questo, il trattamento osteopatico non seguir\u00e0 dei protocolli predefiniti, ma sar\u00e0 personalizzato in base alle esigenze del paziente.<\/p><p>Evidenti sono i benefici dell\u2019osteopatia sulla salute e la qualit\u00e0 della vita della persona.\u00a0<\/p>\t\t\t\t\t\t<\/div>\n\t\t\t\t<\/div>\n\t\t\t\t<section class=\"elementor-section elementor-inner-section elementor-element elementor-element-634b0de elementor-section-boxed elementor-section-height-default elementor-section-height-default\" data-id=\"634b0de\" data-element_type=\"section\">\n\t\t\t\t\t\t<div class=\"elementor-container elementor-column-gap-default\">\n\t\t\t\t\t<div class=\"elementor-column elementor-col-50 elementor-inner-column elementor-element elementor-element-75526c8\" data-id=\"75526c8\" data-element_type=\"column\">\n\t\t\t<div class=\"elementor-widget-wrap elementor-element-populated\">\n\t\t\t\t\t\t\t\t<div class=\"elementor-element elementor-element-8922222 elementor-widget elementor-widget-image\" data-id=\"8922222\" data-element_type=\"widget\" data-widget_type=\"image.default\">\n\t\t\t\t<div class=\"elementor-widget-container\">\n\t\t\t\t\t\t\t\t\t\t\t\t\t\t\t<img loading=\"lazy\" decoding=\"async\" width=\"916\" height=\"609\" src=\"http:\/\/cfto.it\/2022\/wp-content\/uploads\/2021\/10\/Schermata-2021-10-20-alle-17.20.22-e1634743351772.png\" class=\"attachment-full size-full\" alt=\"\" srcset=\"http:\/\/cfto.it\/2022\/wp-content\/uploads\/2021\/10\/Schermata-2021-10-20-alle-17.20.22-e1634743351772.png 916w, http:\/\/cfto.it\/2022\/wp-content\/uploads\/2021\/10\/Schermata-2021-10-20-alle-17.20.22-e1634743351772-300x199.png 300w, http:\/\/cfto.it\/2022\/wp-content\/uploads\/2021\/10\/Schermata-2021-10-20-alle-17.20.22-e1634743351772-768x511.png 768w\" sizes=\"auto, (max-width: 916px) 100vw, 916px\" \/>\t\t\t\t\t\t\t\t\t\t\t\t\t\t\t<\/div>\n\t\t\t\t<\/div>\n\t\t\t\t\t<\/div>\n\t\t<\/div>\n\t\t\t\t<div class=\"elementor-column elementor-col-50 elementor-inner-column elementor-element elementor-element-c3a474c\" data-id=\"c3a474c\" data-element_type=\"column\">\n\t\t\t<div class=\"elementor-widget-wrap elementor-element-populated\">\n\t\t\t\t\t\t\t\t<div class=\"elementor-element elementor-element-c0f7b9c elementor-widget elementor-widget-image\" data-id=\"c0f7b9c\" data-element_type=\"widget\" data-widget_type=\"image.default\">\n\t\t\t\t<div class=\"elementor-widget-container\">\n\t\t\t\t\t\t\t\t\t\t\t\t\t\t\t<img loading=\"lazy\" decoding=\"async\" width=\"1024\" height=\"682\" src=\"http:\/\/cfto.it\/2022\/wp-content\/uploads\/2017\/03\/giornata-beneficienza-cfto-aimo.jpg\" class=\"attachment-full size-full\" alt=\"\" srcset=\"http:\/\/cfto.it\/2022\/wp-content\/uploads\/2017\/03\/giornata-beneficienza-cfto-aimo.jpg 1024w, http:\/\/cfto.it\/2022\/wp-content\/uploads\/2017\/03\/giornata-beneficienza-cfto-aimo-300x200.jpg 300w, http:\/\/cfto.it\/2022\/wp-content\/uploads\/2017\/03\/giornata-beneficienza-cfto-aimo-768x512.jpg 768w\" sizes=\"auto, (max-width: 1024px) 100vw, 1024px\" \/>\t\t\t\t\t\t\t\t\t\t\t\t\t\t\t<\/div>\n\t\t\t\t<\/div>\n\t\t\t\t\t<\/div>\n\t\t<\/div>\n\t\t\t\t\t\t\t<\/div>\n\t\t<\/section>\n\t\t\t\t<div class=\"elementor-element elementor-element-07b7c48 elementor-widget elementor-widget-spacer\" data-id=\"07b7c48\" data-element_type=\"widget\" data-widget_type=\"spacer.default\">\n\t\t\t\t<div class=\"elementor-widget-container\">\n\t\t\t\t\t<div class=\"elementor-spacer\">\n\t\t\t<div class=\"elementor-spacer-inner\"><\/div>\n\t\t<\/div>\n\t\t\t\t<\/div>\n\t\t\t\t<\/div>\n\t\t\t\t<div class=\"elementor-element elementor-element-4f03b04 elementor-widget elementor-widget-heading\" data-id=\"4f03b04\" data-element_type=\"widget\" data-widget_type=\"heading.default\">\n\t\t\t\t<div class=\"elementor-widget-container\">\n\t\t\t<h2 class=\"elementor-heading-title elementor-size-default\">L'osteopatia funziona?<\/h2>\t\t<\/div>\n\t\t\t\t<\/div>\n\t\t\t\t<div class=\"elementor-element elementor-element-341133f elementor-widget elementor-widget-text-editor\" data-id=\"341133f\" data-element_type=\"widget\" data-widget_type=\"text-editor.default\">\n\t\t\t\t<div class=\"elementor-widget-container\">\n\t\t\t\t\t\t\t<p>L\u2019osteopatia non vuole in alcun modo sostituire altre terapie ma essere di sostegno e complementare alla medicina allopatica. Ciononostante, <b>i benefici dell\u2019osteopatia<\/b> sono ormai riconosciuti e considerati oggettivi, soprattutto in questi ambiti:<\/p><ul><li aria-level=\"1\"><b>Colonna vertebrale e bacino,<\/b> in caso di: cervicalgia, lombalgia e dolore pelvico.<\/li><li aria-level=\"1\"><b>Arti inferiori.<\/b> Pu\u00f2 essere d&#8217;aiuto in presenza di: coxalgia, gonalgia e dolore localizzato alle caviglie.<\/li><li aria-level=\"1\"><b>Arti superiori<\/b>, nel caso di: dolore alle spalle, al gomito e al polso.<\/li><li aria-level=\"1\"><b>Visceri,<\/b> con benefici rispetto a: problematiche digestive, uro-ginecologiche o polmonari.<\/li><li aria-level=\"1\"><b>Cranio,<\/b> in presenza di sintomi quali: cefalea, emicrania e problematiche di masticazione.<\/li><\/ul>\t\t\t\t\t\t<\/div>\n\t\t\t\t<\/div>\n\t\t\t\t<div class=\"elementor-element elementor-element-64b0746 elementor-align-center elementor-widget elementor-widget-button\" data-id=\"64b0746\" data-element_type=\"widget\" data-widget_type=\"button.default\">\n\t\t\t\t<div class=\"elementor-widget-container\">\n\t\t\t\t\t<div class=\"elementor-button-wrapper\">\n\t\t\t<a href=\"http:\/\/cfto.it\/2022\/visita-osteopatica\/\" class=\"elementor-button-link elementor-button elementor-size-sm\" role=\"button\">\n\t\t\t\t\t\t<span class=\"elementor-button-content-wrapper\">\n\t\t\t\t\t\t<span class=\"elementor-button-text\">Scopri come funziona la prima visita osteopatica<\/span>\n\t\t<\/span>\n\t\t\t\t\t<\/a>\n\t\t<\/div>\n\t\t\t\t<\/div>\n\t\t\t\t<\/div>\n\t\t\t\t<div class=\"elementor-element elementor-element-d4454b5 elementor-widget elementor-widget-spacer\" data-id=\"d4454b5\" data-element_type=\"widget\" data-widget_type=\"spacer.default\">\n\t\t\t\t<div class=\"elementor-widget-container\">\n\t\t\t\t\t<div class=\"elementor-spacer\">\n\t\t\t<div class=\"elementor-spacer-inner\"><\/div>\n\t\t<\/div>\n\t\t\t\t<\/div>\n\t\t\t\t<\/div>\n\t\t\t\t<div class=\"elementor-element elementor-element-c35897c elementor-widget elementor-widget-heading\" data-id=\"c35897c\" data-element_type=\"widget\" data-widget_type=\"heading.default\">\n\t\t\t\t<div class=\"elementor-widget-container\">\n\t\t\t<h3 class=\"elementor-heading-title elementor-size-default\">L\u2019osteopatia ha controindicazioni?<\/h3>\t\t<\/div>\n\t\t\t\t<\/div>\n\t\t\t\t<div class=\"elementor-element elementor-element-e2351ca elementor-widget elementor-widget-text-editor\" data-id=\"e2351ca\" data-element_type=\"widget\" data-widget_type=\"text-editor.default\">\n\t\t\t\t<div class=\"elementor-widget-container\">\n\t\t\t\t\t\t\t<p>Il tema &#8220;osteopatia benefici e controindicazioni&#8221; \u00e8 tra i pi\u00f9 sentiti, soprattutto in relazione ai pazienti pi\u00f9 fragili (neonati, disabili, donne in gravidanza) pu\u00f2 sorgere il dubbio che possano presentarsi degli effetti collaterali.<\/p><p>Le uniche controindicazioni al trattamento, riconosciute da tutti gli osteopati, sono le urgenze mediche e le malattie con danno organico importante, per le quali sono necessari strumenti della medicina e chirurgia.<\/p><p>Possono per\u00f2 presentarsi <b>reazioni<\/b> apparentemente negative subito dopo il trattamento, come\u00a0 l&#8217;acuirsi di un sintomo. I neonati, ad esempio, potrebbero inizialmente risultare pi\u00f9 nervosi o per contro essere molto pi\u00f9 rilassati. Questo genere di reazioni al trattamento osteopatico sono assolutamente <b>transitorie e soggettive<\/b> e dipendono dal fatto che l&#8217;osteopatia interviene in un disequilibrio. Dunque, non hanno nulla a che vedere con i reali benefici della terapia osteopatica.<\/p>\t\t\t\t\t\t<\/div>\n\t\t\t\t<\/div>\n\t\t\t\t<div class=\"elementor-element elementor-element-c7445c0 elementor-widget elementor-widget-spacer\" data-id=\"c7445c0\" data-element_type=\"widget\" data-widget_type=\"spacer.default\">\n\t\t\t\t<div class=\"elementor-widget-container\">\n\t\t\t\t\t<div class=\"elementor-spacer\">\n\t\t\t<div class=\"elementor-spacer-inner\"><\/div>\n\t\t<\/div>\n\t\t\t\t<\/div>\n\t\t\t\t<\/div>\n\t\t\t\t<div class=\"elementor-element elementor-element-27a3ae7 elementor-hidden-desktop elementor-hidden-tablet elementor-hidden-mobile elementor-widget elementor-widget-heading\" data-id=\"27a3ae7\" data-element_type=\"widget\" data-widget_type=\"heading.default\">\n\t\t\t\t<div class=\"elementor-widget-container\">\n\t\t\t<h3 class=\"elementor-heading-title elementor-size-default\">Le opinioni dei nostri utenti sull\u2019osteopatia<\/h3>\t\t<\/div>\n\t\t\t\t<\/div>\n\t\t\t\t<div class=\"elementor-element elementor-element-e02194f elementor-hidden-desktop elementor-hidden-tablet elementor-hidden-mobile elementor-widget elementor-widget-text-editor\" data-id=\"e02194f\" data-element_type=\"widget\" data-widget_type=\"text-editor.default\">\n\t\t\t\t<div class=\"elementor-widget-container\">\n\t\t\t\t\t\t\t<p>Leggi le opinioni degli utenti CFTO sui trattamenti osteopatici <br \/>e in che modo l\u2019osteopatia ha portato benefici al benessere e alla salute del corpo e della mente.<\/p>\t\t\t\t\t\t<\/div>\n\t\t\t\t<\/div>\n\t\t\t\t<div class=\"elementor-element elementor-element-9d6e58d elementor-hidden-desktop elementor-hidden-tablet elementor-hidden-mobile elementor--h-position-center elementor--v-position-middle elementor-arrows-position-inside elementor-widget elementor-widget-slides\" data-id=\"9d6e58d\" data-element_type=\"widget\" data-settings=\"{&quot;navigation&quot;:&quot;arrows&quot;,&quot;autoplay&quot;:&quot;yes&quot;,&quot;pause_on_hover&quot;:&quot;yes&quot;,&quot;pause_on_interaction&quot;:&quot;yes&quot;,&quot;autoplay_speed&quot;:5000,&quot;infinite&quot;:&quot;yes&quot;,&quot;transition&quot;:&quot;slide&quot;,&quot;transition_speed&quot;:500}\" data-widget_type=\"slides.default\">\n\t\t\t\t<div class=\"elementor-widget-container\">\n\t\t\t\t\t<div class=\"elementor-swiper\">\n\t\t\t<div class=\"elementor-slides-wrapper elementor-main-swiper swiper-container\" dir=\"ltr\" data-animation=\"\">\n\t\t\t\t<div class=\"swiper-wrapper elementor-slides\">\n\t\t\t\t\t\t\t\t\t\t<div class=\"elementor-repeater-item-dd9157e swiper-slide\"><div class=\"swiper-slide-bg\"><\/div><div class=\"swiper-slide-inner\" ><div class=\"swiper-slide-contents\"><div class=\"elementor-slide-heading\">Titolo Slide 1<\/div><div class=\"elementor-slide-description\">Lorem ipsum dolor sit amet consectetur adipiscing elit dolor<\/div><\/div><\/div><\/div><div class=\"elementor-repeater-item-90db443 swiper-slide\"><div class=\"swiper-slide-bg\"><\/div><div class=\"swiper-slide-inner\" ><div class=\"swiper-slide-contents\"><div class=\"elementor-slide-heading\">Titolo Slide 2<\/div><div class=\"elementor-slide-description\">Lorem ipsum dolor sit amet consectetur adipiscing elit dolor<\/div><\/div><\/div><\/div><div class=\"elementor-repeater-item-a403659 swiper-slide\"><div class=\"swiper-slide-bg\"><\/div><div class=\"swiper-slide-inner\" ><div class=\"swiper-slide-contents\"><div class=\"elementor-slide-heading\">Titolo Slide 3<\/div><div class=\"elementor-slide-description\">Lorem ipsum dolor sit amet consectetur adipiscing elit dolor<\/div><\/div><\/div><\/div>\t\t\t\t<\/div>\n\t\t\t\t\t\t\t\t\t\t\t\t\t\t\t\t\t\t\t\t<div class=\"elementor-swiper-button elementor-swiper-button-prev\">\n\t\t\t\t\t\t\t<i aria-hidden=\"true\" class=\"eicon-chevron-left\"><\/i>\t\t\t\t\t\t\t<span class=\"elementor-screen-only\">Precedente<\/span>\n\t\t\t\t\t\t<\/div>\n\t\t\t\t\t\t<div class=\"elementor-swiper-button elementor-swiper-button-next\">\n\t\t\t\t\t\t\t<i aria-hidden=\"true\" class=\"eicon-chevron-right\"><\/i>\t\t\t\t\t\t\t<span class=\"elementor-screen-only\">Successivo<\/span>\n\t\t\t\t\t\t<\/div>\n\t\t\t\t\t\t\t\t\t\t\t\t<\/div>\n\t\t<\/div>\n\t\t\t\t<\/div>\n\t\t\t\t<\/div>\n\t\t\t\t<div class=\"elementor-element elementor-element-3da6726 elementor-widget elementor-widget-spacer\" data-id=\"3da6726\" data-element_type=\"widget\" data-widget_type=\"spacer.default\">\n\t\t\t\t<div class=\"elementor-widget-container\">\n\t\t\t\t\t<div class=\"elementor-spacer\">\n\t\t\t<div class=\"elementor-spacer-inner\"><\/div>\n\t\t<\/div>\n\t\t\t\t<\/div>\n\t\t\t\t<\/div>\n\t\t\t\t\t<\/div>\n\t\t<\/div>\n\t\t\t\t\t\t\t<\/div>\n\t\t<\/section>\n\t\t\t\t\t\t<\/div>\n\t\t\t\t\t<\/div>\n\t\t","protected":false},"excerpt":{"rendered":"<p>I benefici dell&#8217;osteopatia L\u2019osteopatia \u00e8 un sistema di cura che usa l&#8217;approccio manuale sia in fase di diagnosi e sia in quella di trattamento.\u00a0 Tra le principali caratteristiche della disciplina osteopatica c&#8217;\u00e8 il fatto che \u00e8 incentrata sulla salute del paziente e non sulla sua malattia. L&#8217;osteopata ha infatti una visione olistica del paziente, ossia &hellip;<\/p>\n<p class=\"read-more\"> <a class=\"\" href=\"http:\/\/cfto.it\/2022\/benefici-osteopatia\/\"> <span class=\"screen-reader-text\">I benefici dell&#8217;osteopatia<\/span> Leggi altro &raquo;<\/a><\/p>\n","protected":false},"author":1,"featured_media":0,"parent":0,"menu_order":0,"comment_status":"closed","ping_status":"open","template":"","meta":{"site-sidebar-layout":"no-sidebar","site-content-layout":"page-builder","ast-main-header-display":"","ast-hfb-above-header-display":"","ast-hfb-below-header-display":"","ast-hfb-mobile-header-display":"","site-post-title":"disabled","ast-breadcrumbs-content":"","ast-featured-img":"disabled","footer-sml-layout":"","theme-transparent-header-meta":"default","adv-header-id-meta":"","stick-header-meta":"","header-above-stick-meta":"","header-main-stick-meta":"","header-below-stick-meta":"","footnotes":""},"class_list":["post-2","page","type-page","status-publish","hentry"],"acf":[],"yoast_head":"<!-- This site is optimized with the Yoast SEO plugin v17.8 - https:\/\/yoast.com\/wordpress\/plugins\/seo\/ -->\n<title>Benefici dell&#039;Osteopatia - CFTO<\/title>\n<meta name=\"description\" content=\"L&#039;osteopatia assicura benefici importanti a chi soffre di dolore cronico o patologie specifiche. Scopri come funziona e le opinioni di utenti ed esperti.\" \/>\n<meta name=\"robots\" content=\"index, follow, max-snippet:-1, max-image-preview:large, max-video-preview:-1\" \/>\n<link rel=\"canonical\" href=\"https:\/\/cfto.it\/2022\/benefici-osteopatia\/\" \/>\n<meta property=\"og:locale\" content=\"it_IT\" \/>\n<meta property=\"og:type\" content=\"article\" \/>\n<meta property=\"og:title\" content=\"Benefici dell&#039;Osteopatia - CFTO\" \/>\n<meta property=\"og:description\" content=\"L&#039;osteopatia assicura benefici importanti a chi soffre di dolore cronico o patologie specifiche. Scopri come funziona e le opinioni di utenti ed esperti.\" \/>\n<meta property=\"og:url\" content=\"https:\/\/cfto.it\/2022\/benefici-osteopatia\/\" \/>\n<meta property=\"og:site_name\" content=\"CFTO\" \/>\n<meta property=\"article:modified_time\" content=\"2021-12-07T10:48:22+00:00\" \/>\n<meta property=\"og:image\" content=\"http:\/\/cfto.it\/2022\/wp-content\/uploads\/2021\/11\/i-benefici-dellosteopatia.jpg\" \/>\n<meta name=\"twitter:card\" content=\"summary_large_image\" \/>\n<meta name=\"twitter:label1\" content=\"Tempo di lettura stimato\" \/>\n\t<meta name=\"twitter:data1\" content=\"3 minuti\" \/>\n<script type=\"application\/ld+json\" class=\"yoast-schema-graph\">{\"@context\":\"https:\/\/schema.org\",\"@graph\":[{\"@type\":\"Organization\",\"@id\":\"http:\/\/cfto.it\/2022\/#organization\",\"name\":\"CFTO - Centro di Formazione e Tirocinio Osteopatico\",\"url\":\"http:\/\/cfto.it\/2022\/\",\"sameAs\":[],\"logo\":{\"@type\":\"ImageObject\",\"@id\":\"http:\/\/cfto.it\/2022\/#logo\",\"inLanguage\":\"it-IT\",\"url\":\"http:\/\/cfto.it\/2022\/wp-content\/uploads\/2021\/07\/centro-formazione-tirocinio-osteopatico.png\",\"contentUrl\":\"http:\/\/cfto.it\/2022\/wp-content\/uploads\/2021\/07\/centro-formazione-tirocinio-osteopatico.png\",\"width\":676,\"height\":297,\"caption\":\"CFTO - Centro di Formazione e Tirocinio Osteopatico\"},\"image\":{\"@id\":\"http:\/\/cfto.it\/2022\/#logo\"}},{\"@type\":\"WebSite\",\"@id\":\"http:\/\/cfto.it\/2022\/#website\",\"url\":\"http:\/\/cfto.it\/2022\/\",\"name\":\"CFTO\",\"description\":\"Centro Formativo Tirocinio Osteopatico\",\"publisher\":{\"@id\":\"http:\/\/cfto.it\/2022\/#organization\"},\"potentialAction\":[{\"@type\":\"SearchAction\",\"target\":{\"@type\":\"EntryPoint\",\"urlTemplate\":\"http:\/\/cfto.it\/2022\/?s={search_term_string}\"},\"query-input\":\"required name=search_term_string\"}],\"inLanguage\":\"it-IT\"},{\"@type\":\"ImageObject\",\"@id\":\"https:\/\/cfto.it\/2022\/benefici-osteopatia\/#primaryimage\",\"inLanguage\":\"it-IT\",\"url\":\"http:\/\/cfto.it\/2022\/wp-content\/uploads\/2021\/11\/i-benefici-dellosteopatia.jpg\",\"contentUrl\":\"http:\/\/cfto.it\/2022\/wp-content\/uploads\/2021\/11\/i-benefici-dellosteopatia.jpg\",\"width\":1204,\"height\":500},{\"@type\":\"WebPage\",\"@id\":\"https:\/\/cfto.it\/2022\/benefici-osteopatia\/#webpage\",\"url\":\"https:\/\/cfto.it\/2022\/benefici-osteopatia\/\",\"name\":\"Benefici dell'Osteopatia - CFTO\",\"isPartOf\":{\"@id\":\"http:\/\/cfto.it\/2022\/#website\"},\"primaryImageOfPage\":{\"@id\":\"https:\/\/cfto.it\/2022\/benefici-osteopatia\/#primaryimage\"},\"datePublished\":\"2021-06-11T10:41:45+00:00\",\"dateModified\":\"2021-12-07T10:48:22+00:00\",\"description\":\"L'osteopatia assicura benefici importanti a chi soffre di dolore cronico o patologie specifiche. Scopri come funziona e le opinioni di utenti ed esperti.\",\"breadcrumb\":{\"@id\":\"https:\/\/cfto.it\/2022\/benefici-osteopatia\/#breadcrumb\"},\"inLanguage\":\"it-IT\",\"potentialAction\":[{\"@type\":\"ReadAction\",\"target\":[\"https:\/\/cfto.it\/2022\/benefici-osteopatia\/\"]}]},{\"@type\":\"BreadcrumbList\",\"@id\":\"https:\/\/cfto.it\/2022\/benefici-osteopatia\/#breadcrumb\",\"itemListElement\":[{\"@type\":\"ListItem\",\"position\":1,\"name\":\"Home\",\"item\":\"http:\/\/cfto.it\/2022\/\"},{\"@type\":\"ListItem\",\"position\":2,\"name\":\"I benefici dell&#8217;osteopatia\"}]}]}<\/script>\n<!-- \/ Yoast SEO plugin. -->","yoast_head_json":{"title":"Benefici dell'Osteopatia - CFTO","description":"L'osteopatia assicura benefici importanti a chi soffre di dolore cronico o patologie specifiche. Scopri come funziona e le opinioni di utenti ed esperti.","robots":{"index":"index","follow":"follow","max-snippet":"max-snippet:-1","max-image-preview":"max-image-preview:large","max-video-preview":"max-video-preview:-1"},"canonical":"https:\/\/cfto.it\/2022\/benefici-osteopatia\/","og_locale":"it_IT","og_type":"article","og_title":"Benefici dell'Osteopatia - CFTO","og_description":"L'osteopatia assicura benefici importanti a chi soffre di dolore cronico o patologie specifiche. Scopri come funziona e le opinioni di utenti ed esperti.","og_url":"https:\/\/cfto.it\/2022\/benefici-osteopatia\/","og_site_name":"CFTO","article_modified_time":"2021-12-07T10:48:22+00:00","og_image":[{"url":"http:\/\/cfto.it\/2022\/wp-content\/uploads\/2021\/11\/i-benefici-dellosteopatia.jpg"}],"twitter_card":"summary_large_image","twitter_misc":{"Tempo di lettura stimato":"3 minuti"},"schema":{"@context":"https:\/\/schema.org","@graph":[{"@type":"Organization","@id":"http:\/\/cfto.it\/2022\/#organization","name":"CFTO - Centro di Formazione e Tirocinio Osteopatico","url":"http:\/\/cfto.it\/2022\/","sameAs":[],"logo":{"@type":"ImageObject","@id":"http:\/\/cfto.it\/2022\/#logo","inLanguage":"it-IT","url":"http:\/\/cfto.it\/2022\/wp-content\/uploads\/2021\/07\/centro-formazione-tirocinio-osteopatico.png","contentUrl":"http:\/\/cfto.it\/2022\/wp-content\/uploads\/2021\/07\/centro-formazione-tirocinio-osteopatico.png","width":676,"height":297,"caption":"CFTO - Centro di Formazione e Tirocinio Osteopatico"},"image":{"@id":"http:\/\/cfto.it\/2022\/#logo"}},{"@type":"WebSite","@id":"http:\/\/cfto.it\/2022\/#website","url":"http:\/\/cfto.it\/2022\/","name":"CFTO","description":"Centro Formativo Tirocinio Osteopatico","publisher":{"@id":"http:\/\/cfto.it\/2022\/#organization"},"potentialAction":[{"@type":"SearchAction","target":{"@type":"EntryPoint","urlTemplate":"http:\/\/cfto.it\/2022\/?s={search_term_string}"},"query-input":"required name=search_term_string"}],"inLanguage":"it-IT"},{"@type":"ImageObject","@id":"https:\/\/cfto.it\/2022\/benefici-osteopatia\/#primaryimage","inLanguage":"it-IT","url":"http:\/\/cfto.it\/2022\/wp-content\/uploads\/2021\/11\/i-benefici-dellosteopatia.jpg","contentUrl":"http:\/\/cfto.it\/2022\/wp-content\/uploads\/2021\/11\/i-benefici-dellosteopatia.jpg","width":1204,"height":500},{"@type":"WebPage","@id":"https:\/\/cfto.it\/2022\/benefici-osteopatia\/#webpage","url":"https:\/\/cfto.it\/2022\/benefici-osteopatia\/","name":"Benefici dell'Osteopatia - CFTO","isPartOf":{"@id":"http:\/\/cfto.it\/2022\/#website"},"primaryImageOfPage":{"@id":"https:\/\/cfto.it\/2022\/benefici-osteopatia\/#primaryimage"},"datePublished":"2021-06-11T10:41:45+00:00","dateModified":"2021-12-07T10:48:22+00:00","description":"L'osteopatia assicura benefici importanti a chi soffre di dolore cronico o patologie specifiche. Scopri come funziona e le opinioni di utenti ed esperti.","breadcrumb":{"@id":"https:\/\/cfto.it\/2022\/benefici-osteopatia\/#breadcrumb"},"inLanguage":"it-IT","potentialAction":[{"@type":"ReadAction","target":["https:\/\/cfto.it\/2022\/benefici-osteopatia\/"]}]},{"@type":"BreadcrumbList","@id":"https:\/\/cfto.it\/2022\/benefici-osteopatia\/#breadcrumb","itemListElement":[{"@type":"ListItem","position":1,"name":"Home","item":"http:\/\/cfto.it\/2022\/"},{"@type":"ListItem","position":2,"name":"I benefici dell&#8217;osteopatia"}]}]}},"_links":{"self":[{"href":"http:\/\/cfto.it\/2022\/wp-json\/wp\/v2\/pages\/2","targetHints":{"allow":["GET"]}}],"collection":[{"href":"http:\/\/cfto.it\/2022\/wp-json\/wp\/v2\/pages"}],"about":[{"href":"http:\/\/cfto.it\/2022\/wp-json\/wp\/v2\/types\/page"}],"author":[{"embeddable":true,"href":"http:\/\/cfto.it\/2022\/wp-json\/wp\/v2\/users\/1"}],"replies":[{"embeddable":true,"href":"http:\/\/cfto.it\/2022\/wp-json\/wp\/v2\/comments?post=2"}],"version-history":[{"count":87,"href":"http:\/\/cfto.it\/2022\/wp-json\/wp\/v2\/pages\/2\/revisions"}],"predecessor-version":[{"id":2532,"href":"http:\/\/cfto.it\/2022\/wp-json\/wp\/v2\/pages\/2\/revisions\/2532"}],"wp:attachment":[{"href":"http:\/\/cfto.it\/2022\/wp-json\/wp\/v2\/media?parent=2"}],"curies":[{"name":"wp","href":"https:\/\/api.w.org\/{rel}","templated":true}]}}